{"id":1436,"date":"2020-09-15T13:32:37","date_gmt":"2020-09-15T18:32:37","guid":{"rendered":"http:\/\/inlac-org-co.us.stackstaging.com\/web\/?page_id=1436"},"modified":"2020-10-30T09:01:13","modified_gmt":"2020-10-30T14:01:13","slug":"foro2020","status":"publish","type":"page","link":"https:\/\/www.inlac.org.co\/web\/foro2020\/","title":{"rendered":"Foro 2020"},"content":{"rendered":"<p>[vc_row css=\u00bb.vc_custom_1600208726596{padding-top: 140px !important;}\u00bb][vc_column][vc_single_image image=\u00bb1425&#8243; img_size=\u00bbmedium\u00bb alignment=\u00bbcenter\u00bb][\/vc_column][\/vc_row][vc_row][vc_column][vc_column_text]<\/p>\n<h2 style=\"text-align: center;\"><b>MODALIDAD VIRTUAL<\/b><\/h2>\n<h3 style=\"text-align: center;\"><b>4, 5 y 6 de\u00a0 Noviembre de 2020<\/b><\/h3>\n<h3 style=\"text-align: center;\"><b>2:00 P.M.\u00a0 A 6 P.M. (Hora Colombiana)<\/b><\/h3>\n<p>&nbsp;<\/p>\n<p>&nbsp;<\/p>\n<h3 style=\"text-align: center;\"><strong>ORGANIZA<\/strong><\/h3>\n<h3 style=\"text-align: center;\"><strong>INSTITUTO LATINOAMERICANO DE LA CALIDAD &#8211; INLAC COLOMBIA<\/strong><\/h3>\n<h3 style=\"text-align: center;\"><strong>ORGANISMO DE ENLACE COMIT\u00c9S INTERNACIONALES ISO<\/strong><\/h3>\n<p>&nbsp;<\/p>\n<h4><strong>DIRIGIDO A<\/strong><\/h4>\n<ul>\n<li>Empresas, Entidades y Organizaciones de todo tama\u00f1o y sector, que est\u00e9n interesadas en actualizar sus sistemas de gesti\u00f3n y conocer del estado de desarrollo de las normas ISO, presentadas por los delegados INLAC en los comit\u00e9s Internacionales ISO<\/li>\n<li>Personas y profesionales, que est\u00e1n vinculados como parte de los sistemas de gesti\u00f3n, ya sea como due\u00f1os o que hagan parte de los procesos operativos, de soporte, gerenciales o de control, o como consultores, auditores, gerentes o capacitadores.<\/li>\n<li>Directores o jefes y responsables de los temas de Calidad, Ambiente, Seguridad y Salud Ocupacional, SGSST, gesti\u00f3n social,\u00a0 gesti\u00f3n de la innovaci\u00f3n.<\/li>\n<li>Toda persona que requieran prepararse para participar de los Sistemas de Gesti\u00f3n ya implementados,\u00a0 que requieran informaci\u00f3n reciente y actualizada y respuestas a muchas de las dudas y preguntas para implementar, adelantar auditor\u00edas o mejorar sus sistemas de gesti\u00f3n<\/li>\n<\/ul>\n<p>&nbsp;<\/p>\n<h4><strong>TEMAS<\/strong><\/h4>\n<ul>\n<li><b>GESTI\u00d3N DE LA CALIDAD<\/b><\/li>\n<li><b>GESTI\u00d3N AMBIENTAL Y GESTI\u00d3N DE ENERG\u00cdA<\/b><\/li>\n<li><b>GESTI\u00d3N DE SEGURIDAD DE LA INFORMACI\u00d3N<\/b><\/li>\n<li><b>CIBERSEGURIDAD<\/b><\/li>\n<li><b>GESTI\u00d3N DE CONTINUIDAD DEL NEGOCIO<\/b><\/li>\n<li><b>GESTI\u00d3N DE LA SEGURIDAD Y SALUD EN EL TRABAJO<\/b><\/li>\n<li><b>GESTI\u00d3N DE LA CALIDAD EN GOBIERNOS LOCALES<\/b><\/li>\n<li><b>AUDITOR\u00cdAS A SISTEMAS DE\u00a0<\/b><b>GESTI\u00d3N<\/b><\/li>\n<li><b>GESTI\u00d3N<\/b>\u00a0<b>ANTISOBORN<\/b><b>O<\/b><\/li>\n<li><b>GESTI\u00d3N DE LA INNOVACI\u00d3N<\/b><\/li>\n<li><b>GESTI\u00d3N DEL CONOCIMIENTO<\/b><\/li>\n<li><b>GESTI\u00d3N DEL RIESGO<\/b><\/li>\n<li><b>SIX SIGMA<\/b><\/li>\n<\/ul>\n<p>&nbsp;<\/p>\n<h3 style=\"text-align: center;\"><strong>PA\u00cdSES INVITADOS<\/strong><\/h3>\n<p><img loading=\"lazy\" decoding=\"async\" class=\"aligncenter size-large wp-image-1414\" src=\"http:\/\/inlac-org-co.us.stackstaging.com\/web\/wp-content\/uploads\/2020\/09\/PAISES-FORO-2020-1024x103.png\" alt=\"\" width=\"900\" height=\"91\" srcset=\"https:\/\/www.inlac.org.co\/web\/wp-content\/uploads\/2020\/09\/PAISES-FORO-2020-1024x103.png 1024w, https:\/\/www.inlac.org.co\/web\/wp-content\/uploads\/2020\/09\/PAISES-FORO-2020-600x60.png 600w, https:\/\/www.inlac.org.co\/web\/wp-content\/uploads\/2020\/09\/PAISES-FORO-2020-300x30.png 300w, https:\/\/www.inlac.org.co\/web\/wp-content\/uploads\/2020\/09\/PAISES-FORO-2020-768x77.png 768w, https:\/\/www.inlac.org.co\/web\/wp-content\/uploads\/2020\/09\/PAISES-FORO-2020-1536x154.png 1536w, https:\/\/www.inlac.org.co\/web\/wp-content\/uploads\/2020\/09\/PAISES-FORO-2020.png 1574w\" sizes=\"auto, (max-width: 900px) 100vw, 900px\" \/>[\/vc_column_text][\/vc_column][\/vc_row][vc_row][vc_column][vc_separator border_width=\u00bb4&#8243;][\/vc_column][\/vc_row][vc_row][vc_column][vc_column_text]<\/p>\n<h2 style=\"text-align: center;\"><strong>CONFERENCISTAS INVITADOS<\/strong><\/h2>\n<p>[\/vc_column_text][vc_row_inner][vc_column_inner width=\u00bb1\/4&#8243;][vc_single_image image=\u00bb1476&#8243; alignment=\u00bbcenter\u00bb][\/vc_column_inner][vc_column_inner width=\u00bb1\/4&#8243;][vc_column_text]<strong>H\u00c9CTOR GARZ\u00d3N &#8211; COLOMBIA<\/strong><\/p>\n<p>Ingeniero con MsC en Calidad y Especialista SST Brasil, Especialista en Control Organizacional,\u00a0 Auditor L\u00edder y formador de Auditores L\u00edderes. Fue coordinador corporativo de HSEQ de ECOPETROL, experto internacional de la CAF, ONUDI y Country Manager de UL certification para el \u00e1rea andina. Conferencista y Consultor internacional, Vicepresidente Corporativo de INLAC, delegado INLAC los comit\u00e9s ISO de Calidad, Ambiental, SST y STTF traducci\u00f3n al espa\u00f1ol.[\/vc_column_text][\/vc_column_inner][vc_column_inner width=\u00bb1\/4&#8243;][vc_single_image image=\u00bb1441&#8243; alignment=\u00bbcenter\u00bb][\/vc_column_inner][vc_column_inner width=\u00bb1\/4&#8243;][vc_column_text]<strong>BOB ALISIC &#8211; HOLANDA<\/strong><\/p>\n<p>Fue L\u00edder del grupo de desarrollo de la nueva norma ISO 9004. Miembro del Comit\u00e9 T\u00e9cnico\u00a0 TC 176 de la ISO, y del grupo de trabajo del documento ISO de calidad en Gobiernos Locales. Ha sido Consultor principal y Gerente S\u00e9nior de Atos\u00a0 Consulting y consultor de KMPG Consulting. Trabajo durante mas de 20 anos para Philips en diversos cargos gerenciales Consultor y propietario de la consultora ActinQ. Miembro del Consejo Mundial de la Calidad[\/vc_column_text][\/vc_column_inner][\/vc_row_inner][vc_row_inner][vc_column_inner width=\u00bb1\/4&#8243;][vc_single_image image=\u00bb1445&#8243; alignment=\u00bbcenter\u00bb][\/vc_column_inner][vc_column_inner width=\u00bb1\/4&#8243;][vc_column_text]<strong>JUAN JOS\u00c9 MIRELES &#8211; M\u00c9XICO<\/strong><\/p>\n<p>Ingeniero con especialidad en Calidad, Master blackbelt certificado, Six Sigma Team Leader y Trainer Coach, certificado por el IATF-IAG, para el despliegue en los sistemas de Gesti\u00f3n de Calidad en el sector automotriz. Asesor de grupos directivos y Auditores del IATF. Auditor ISO\/TS-16949. Conferencista y consultor internacional en Sistemas de Gesti\u00f3n[\/vc_column_text][\/vc_column_inner][vc_column_inner width=\u00bb1\/4&#8243;][vc_single_image image=\u00bb1442&#8243; alignment=\u00bbcenter\u00bb][\/vc_column_inner][vc_column_inner width=\u00bb1\/4&#8243;][vc_column_text]<strong>ELDER GUERRA &#8211; GUATEMALA<\/strong><\/p>\n<p>Ingeniero MBA con \u00e9nfasis en estrategia Universidad Cat\u00f3lica de Chile, delegado INLAC en los comit\u00e9s t\u00e9cnicos JTC-1 de Seguridad de la Informaci\u00f3n y amplia experiencia en estrategia empresarial, procesos, calidad, indicadores de operaci\u00f3n y gesti\u00f3n. Especializado en Kaplan &amp; Norton Institute. Auditor L\u00edder ISO 27001 del BSI.[\/vc_column_text][\/vc_column_inner][\/vc_row_inner][vc_row_inner][vc_column_inner width=\u00bb1\/4&#8243;][vc_single_image image=\u00bb1451&#8243; alignment=\u00bbcenter\u00bb][\/vc_column_inner][vc_column_inner width=\u00bb1\/4&#8243;][vc_column_text]<strong>ROBERTO MEDICI &#8211; ARGENTINA<\/strong><\/p>\n<p>Ingeniero, Magister (M.Sc.) en Ingenier\u00eda en Calidad. Universidad Tecnol\u00f3gica Nacional. ARGENTINA, Posgrados en Calidad como Becario del Gobierno Sueco, y de la A.O.T.S. de Jap\u00f3n. Delegado INLAC en los Comit\u00e9s ISO de Calidad, Medio Ambiente y en STTF. Consultor ONUDI, Director de la Maestr\u00eda en Ingenier\u00eda en Calidad Universidad Tecnol\u00f3gica Nacional, Regional Mendoza. ARGENTINA, Consultor y auditor internacional. Autor del Libro \u201cMOTIVACI\u00d3N, Factor Clave para Reducir los Costos de la Calidad\u201d, Co-autor del Libro \u201cCalidad Integrada Un Desaf\u00edo Sist\u00e9mico Organizacional\u201d.[\/vc_column_text][\/vc_column_inner][vc_column_inner width=\u00bb1\/4&#8243;][vc_single_image image=\u00bb1443&#8243; alignment=\u00bbcenter\u00bb][\/vc_column_inner][vc_column_inner width=\u00bb1\/4&#8243;][vc_column_text]<strong>JOS\u00c9 DOM\u00cdNGUEZ &#8211; M\u00c9XICO<\/strong><\/p>\n<p>Ingeniero Industrial, certificado como Auditor de tercera parte por AFAQ-ASCERT, Train de Trainers Actividades Y2K AIAG, Delegado INLAC en el ISO-TC-176 SC-2-WG-18 Director General de Plexus M\u00e9xico. Conferencista y consultor internacional.<\/p>\n<p>Co-autor del libro: ISO\u00a0 9001-2015 handbook \u00abA practical guide to implementation\u00bb.<\/p>\n<p>Ha sido co-convener de grupos de trabajo responsables de la revisi\u00f3n de la ISO 9001, ISO\/TS 9002 y del handbook de ISO 9001 para peque\u00f1as empresas.<\/p>\n<p>[\/vc_column_text][\/vc_column_inner][\/vc_row_inner][\/vc_column][\/vc_row][vc_row][vc_column][vc_row_inner][vc_column_inner width=\u00bb1\/4&#8243;][vc_single_image image=\u00bb1452&#8243; alignment=\u00bbcenter\u00bb][\/vc_column_inner][vc_column_inner width=\u00bb1\/4&#8243;][vc_column_text]<strong>RODRIGO VERA &#8211; COLOMBIA<\/strong><\/p>\n<p>Abogado, Profesor Universitario, Conferencista Nacional e Internacional. Especialista en Derecho P\u00fablico, Administraci\u00f3n y Gerencia de Sistemas de Gesti\u00f3n de Calidad,\u00a0 Magister en Calidad y Gesti\u00f3n Integral. Experto Internacional en implementaci\u00f3n de Sistemas de Gesti\u00f3n. Asesor Gubernamental internacional en Calidad y Excelencia en la administraci\u00f3n p\u00fablica. Presidente del comit\u00e9 espejo de calidad del ICONTEC[\/vc_column_text][\/vc_column_inner][vc_column_inner width=\u00bb1\/4&#8243;][vc_single_image image=\u00bb1434&#8243; alignment=\u00bbcenter\u00bb][\/vc_column_inner][vc_column_inner width=\u00bb1\/4&#8243;][vc_column_text]<strong>KEYLA SOTELDO &#8211; VENEZUELA<\/strong><\/p>\n<p>Ingeniera con MBA, Auditor L\u00edder certificado IRCA y ERCA, Instructora en el Programa de Estudios Avanzados Universidad Sim\u00f3n Bol\u00edvar, LL-C y el ERCA, en sistemas de gesti\u00f3n y gesti\u00f3n del riesgo. Consultor, Auditor y Asesor de empresas en sistemas de gesti\u00f3n con m\u00e1s de 30 a\u00f1os, desempe\u00f1\u00e1ndose como Gerente de Calidad y Seguridad en Ericcson Venezuela.[\/vc_column_text][\/vc_column_inner][\/vc_row_inner][vc_row_inner][vc_column_inner width=\u00bb1\/4&#8243;][vc_single_image image=\u00bb1444&#8243; alignment=\u00bbcenter\u00bb][\/vc_column_inner][vc_column_inner width=\u00bb1\/4&#8243;][vc_column_text]<strong>JUAN CARLOS REYES &#8211; COLOMBIA<\/strong><\/p>\n<p>Ingeniero de sistemas, con m\u00e1s de 18 a\u00f1os de experiencia en Seguridad de la Informaci\u00f3n y Ciberseguridad. Miembro de HTCIA, ACFE y ALIFC. Delegado INLAC en el ISO-JTC1\/SC27. Analista forense certificado (GIAC), Auditor L\u00edder ISO 27001, Certificado HIM-IS.[\/vc_column_text][\/vc_column_inner][vc_column_inner width=\u00bb1\/4&#8243;][vc_single_image image=\u00bb1449&#8243; alignment=\u00bbcenter\u00bb][\/vc_column_inner][vc_column_inner width=\u00bb1\/4&#8243;][vc_column_text]<strong>MARCO PARDAVE &#8211; USA<\/strong><\/p>\n<p>F\u00edsico Matem\u00e1tico, Maestr\u00eda en Finanzas P\u00fablicas y en Ingenier\u00eda de Calidad. Fue Gerente de Certificaci\u00f3n de Cotecna Miami. Ex Vicepresidente de Global Supplier Progress Miami, Gerente de GS Progress Miami. Asesor, conferencista y auditor internacional en Am\u00e9rica del Norte, Centroam\u00e9rica, Suram\u00e9rica, Europa, \u00c1frica del Sur, Asia y el Medio Oriente.[\/vc_column_text][\/vc_column_inner][\/vc_row_inner][vc_row_inner][vc_column_inner width=\u00bb1\/4&#8243;][vc_single_image image=\u00bb1447&#8243; alignment=\u00bbcenter\u00bb][\/vc_column_inner][vc_column_inner width=\u00bb1\/4&#8243;][vc_column_text]<strong>LEONEL DE LA ROCA &#8211; GUATEMALA<\/strong><\/p>\n<p>Ingeniero Qu\u00edmico con Maestr\u00eda en Administraci\u00f3n Industrial y Doctorado en Ciencias de la Investigaci\u00f3n, Conferencista y consultor internacional, Delegado INLAC del comit\u00e9 ISO-TC\/176, TC\/283 e ISO STTF,\u00a0 Director de INLAC Guatemala y\u00a0Gerente de SI Calidad[\/vc_column_text][\/vc_column_inner][vc_column_inner width=\u00bb1\/4&#8243;][vc_single_image image=\u00bb1433&#8243; alignment=\u00bbcenter\u00bb][\/vc_column_inner][vc_column_inner width=\u00bb1\/4&#8243;][vc_column_text]<strong>FIDEL ARAG\u00d3N &#8211; M\u00c9XICO<\/strong><\/p>\n<p>Ingeniero Especialista en calidad, Magister en Administraci\u00f3n, Consultor y conferencista Internacional en Calidad y gesti\u00f3n de la Innovaci\u00f3n con basta experiencia Modelos de Gesti\u00f3n y Excelencia, Gesti\u00f3n de Riesgos, Auditorias.[\/vc_column_text][\/vc_column_inner][\/vc_row_inner][vc_row_inner][vc_column_inner width=\u00bb1\/4&#8243;][vc_single_image image=\u00bb1448&#8243; alignment=\u00bbcenter\u00bb][\/vc_column_inner][vc_column_inner width=\u00bb1\/4&#8243;][vc_column_text]<b>MAGDA GONZ\u00c1LEZ RODR\u00cdGUEZ &#8211; COLOMBIA<\/b><\/p>\n<p>MSc.\u00a0in Environmental and Ecological Sciences Lancaster University, MBA amplia experiencia como asesora, docente y auditora, experta en huella de carbono, Presidente del Comit\u00e9 Ambiental de Icontec.\u00a0Trabaja con la Ministerio de Ambiente y Desarrollo Sostenible[\/vc_column_text][\/vc_column_inner][vc_column_inner width=\u00bb1\/4&#8243;][vc_single_image image=\u00bb1450&#8243; alignment=\u00bbcenter\u00bb][\/vc_column_inner][vc_column_inner width=\u00bb1\/4&#8243;][vc_column_text]<b>MARIO IGNACIO PRATO &#8211; COLOMBIA<\/b><\/p>\n<p>Ingeniero de Sistemas especialista en Gesti\u00f3n empresarial, consultor en auditoria en seguridad y gesti\u00f3n de tecnolog\u00eda de la informaci\u00f3n, Lead Auditor en ISO 27000\/22301, Conferencista de posgrados y congresos en diversos pa\u00edses y con diversas Universidades. Delegado INLAC del\u00a0 ISO-JTC-1 Seguridad de la Informaci\u00f3n.[\/vc_column_text][\/vc_column_inner][\/vc_row_inner][vc_row_inner][vc_column_inner width=\u00bb1\/4&#8243;][vc_single_image image=\u00bb1479&#8243; img_size=\u00bb250X250&#8243; alignment=\u00bbcenter\u00bb][\/vc_column_inner][vc_column_inner width=\u00bb1\/4&#8243;][vc_column_text]<b>\u00d3SCAR L\u00d3PEZ &#8211; M\u00c9XICO<\/b><\/p>\n<p>Ingeniero, especializado en Sistemas de Gesti\u00f3n, \u00a0fue inspector, y auditor de PEMEX, asesor de Sistemas de Gesti\u00f3n de Calidad, Ambiente, Seguridad y Salud en el Trabajo de mas de 400 empresas de varios sectores. Delegado INLAC del comit\u00e9 t\u00e9cnico lSO TC 176 Calidad, ISO TC 207 Ambiente e ISO CASCO. Auditor L\u00edder en sistemas Integrados, Instructor Acreditado por IRCA\/RAB para RAB\/QSA \u00a0Director General de ATR organismo de certificaci\u00f3n latinoamericano[\/vc_column_text][\/vc_column_inner][vc_column_inner width=\u00bb1\/4&#8243;][vc_single_image image=\u00bb1480&#8243; alignment=\u00bbcenter\u00bb][\/vc_column_inner][vc_column_inner width=\u00bb1\/4&#8243;][vc_column_text]<b>JUAN PABLO BARRERA &#8211; COLOMBIA<\/b><\/p>\n<p>Ingeniero con Magister en Administraci\u00f3n de Empresas, especializaci\u00f3n en Gesti\u00f3n Integral HSEQ, con 30 a\u00f1os \u00a0de experiencia en Sistemas de Gesti\u00f3n, en consultor\u00eda \u00a0formaci\u00f3n de \u00a0personal, auditor\u00edas internas y de certificaci\u00f3n a Sistemas de Gesti\u00f3n.[\/vc_column_text][\/vc_column_inner][\/vc_row_inner][vc_row_inner][vc_column_inner width=\u00bb1\/4&#8243;][vc_single_image image=\u00bb1543&#8243; alignment=\u00bbcenter\u00bb][\/vc_column_inner][vc_column_inner width=\u00bb1\/4&#8243;][vc_column_text]<b>\u00d3MAR L\u00d3PEZ &#8211; M\u00c9XICO<\/b><\/p>\n<p>Ingeniero Industrial y en Sistemas, Master en Prevenci\u00f3n de Riesgos Espa\u00f1a, Auditor Trinorma ISO 9001:2015, ISO 14001:2015 e ISO 45001:2018, Delegado INLAC del Comit\u00e9 de SST, TC-283 de la ISO y del \u00a0WG2 para la elaboraci\u00f3n de la ISO 45002 (Gu\u00eda de implementaci\u00f3n), conferencista Nacional e internacional[\/vc_column_text][\/vc_column_inner][\/vc_row_inner][vc_row_inner][vc_column_inner][vc_separator border_width=\u00bb3&#8243;][\/vc_column_inner][\/vc_row_inner][\/vc_column][\/vc_row][vc_row][vc_column][vc_column_text]<\/p>\n<h1 style=\"text-align: center;\"><strong>PROGRAMACI\u00d3N<\/strong><\/h1>\n<p>[\/vc_column_text][\/vc_column][\/vc_row][vc_row][vc_column][vc_column_text]<\/p>\n<h2 style=\"text-align: center;\"><strong>NOVIEMBRE 4<\/strong><\/h2>\n<p>[\/vc_column_text][\/vc_column][\/vc_row][vc_row][vc_column][vc_single_image image=\u00bb1508&#8243; img_size=\u00bblarge\u00bb alignment=\u00bbcenter\u00bb][\/vc_column][\/vc_row][vc_row][vc_column][vc_column_text]<\/p>\n<h2 style=\"text-align: center;\"><strong>NOVIEMBRE 5<\/strong><\/h2>\n<p>[\/vc_column_text][\/vc_column][\/vc_row][vc_row][vc_column][vc_single_image image=\u00bb1509&#8243; img_size=\u00bblarge\u00bb alignment=\u00bbcenter\u00bb][\/vc_column][\/vc_row][vc_row][vc_column][vc_column_text]<\/p>\n<h2 style=\"text-align: center;\"><strong>NOVIEMBRE 6<\/strong><\/h2>\n<p>[\/vc_column_text][\/vc_column][\/vc_row][vc_row][vc_column][vc_single_image image=\u00bb1417&#8243; img_size=\u00bblarge\u00bb alignment=\u00bbcenter\u00bb][\/vc_column][\/vc_row][vc_row][vc_column width=\u00bb1\/2&#8243;][vc_column_text]<\/p>\n<h3><strong>INVERSI\u00d3N:<\/strong><br \/>\n<strong>PARA COLOMBIA :<\/strong> $190.000 COP + IVA POR PERSONA<br \/>\n<strong>OTROS PA\u00cdSES:<\/strong> $55 USD (D\u00d3LARES AMERICANOS)<br \/>\n<em>*DESCUENTOS PARA GRUPOS Y PAGOS ANTICIPADOS<\/em><\/h3>\n<p>&nbsp;<\/p>\n<h3><strong>INFORMES:<\/strong><\/h3>\n<h3 style=\"text-align: left;\"><a href=\"mailto:SEMINARIOS@INLAC.ORG.CO\">SEMINARIOS@INLAC.ORG.CO<\/a><br \/>\n+57 315 3393820<\/h3>\n<p>&nbsp;<\/p>\n<ul>\n<li>\n<h4><strong>Al final del evento tendr\u00e1 acceso exclusivo a las memorias del Foro y se le enviar\u00e1 un certificado de participaci\u00f3n<\/strong><\/h4>\n<\/li>\n<\/ul>\n<p>[\/vc_column_text][\/vc_column][vc_column width=\u00bb1\/2&#8243;][vc_column_text]<\/p>\n<h3 style=\"text-align: right;\"><strong>INSCRIPCI\u00d3N Y PAGOS:<\/strong><\/h3>\n<h2 style=\"text-align: right;\"><strong><a href=\"https:\/\/forms.gle\/kaFx8GFDAqHN6Cvq6\"><span style=\"color: #000080;\">FORMULARIO DE\u00a0INSCRIPCI\u00d3N<\/span><\/a><\/strong><\/h2>\n<div>\n<h2 style=\"text-align: right; color: #000080;\"><a href=\"http:\/\/inlac-org-co.us.stackstaging.com\/web\/product\/viii-foro-inlac-colombia\/\">REALICE SU PAGO AQU\u00cd <img loading=\"lazy\" decoding=\"async\" class=\"\" src=\"http:\/\/inlac-org-co.us.stackstaging.com\/web\/wp-content\/plugins\/woocommerce-payu-latam\/img\/logoPayU.png\" alt=\"\" width=\"77\" height=\"36\" \/><\/a><\/h2>\n<\/div>\n<h3><\/h3>\n<h3 style=\"text-align: right;\"><span style=\"color: #000080;\"><strong>TRANSFERENCIA BANCARIA<\/strong><\/span><\/h3>\n<h4 style=\"text-align: right;\"><span style=\"color: #000080;\"><b>CORPORACI\u00d3N INSTITUTO LATINOAMERICANO DE LA CALIDAD\u00a0<\/b><b><br \/>\n<\/b><b>CUENTA CORRIENTE No \u00a020735882012<\/b><b><br \/>\n<\/b><b>NIT \u2013 830135095-0<\/b><b><br \/>\n<\/b><b>BANCOLOMBIA<\/b><\/span><\/h4>\n<p>[\/vc_column_text][\/vc_column][\/vc_row][vc_row][vc_column width=\u00bb1\/4&#8243;][vc_column_text]<\/p>\n<h4><strong>PATROCINA<\/strong><\/h4>\n<p>[\/vc_column_text][vc_single_image image=\u00bb1487&#8243; img_size=\u00bbmedium\u00bb][\/vc_column][vc_column width=\u00bb3\/4&#8243;][vc_column_text]<\/p>\n<h3 style=\"text-align: center;\"><strong>APOYAN<\/strong><\/h3>\n<p>[\/vc_column_text][vc_single_image image=\u00bb1488&#8243; img_size=\u00bb900&#215;900&#8243; alignment=\u00bbright\u00bb][\/vc_column][\/vc_row]<\/p>\n","protected":false},"excerpt":{"rendered":"<p>[vc_row css=\u00bb.vc_custom_1600208726596{padding-top: 140px !important;}\u00bb][vc_column][vc_single_image image=\u00bb1425&#8243; img_size=\u00bbmedium\u00bb alignment=\u00bbcenter\u00bb][\/vc_column][\/vc_row][vc_row][vc_column][vc_column_text] MODALIDAD VIRTUAL 4, 5 y 6 de\u00a0 Noviembre de 2020 2:00 P.M.\u00a0 A 6 P.M. (Hora Colombiana) &nbsp; &nbsp; ORGANIZA INSTITUTO LATINOAMERICANO DE LA CALIDAD &#8211; INLAC COLOMBIA ORGANISMO DE ENLACE COMIT\u00c9S INTERNACIONALES ISO &nbsp; DIRIGIDO A Empresas, Entidades y Organizaciones de todo tama\u00f1o y sector, que est\u00e9n [&hellip;]<\/p>\n","protected":false},"author":2,"featured_media":0,"parent":0,"menu_order":0,"comment_status":"closed","ping_status":"closed","template":"page-NoTitleBar.php","meta":{"footnotes":""},"class_list":["post-1436","page","type-page","status-publish","hentry"],"yoast_head":"<!-- This site is optimized with the Yoast SEO plugin v14.6.1 - https:\/\/yoast.com\/wordpress\/plugins\/seo\/ -->\n<title>Foro 2020 - Inlac Colombia<\/title>\n<meta name=\"robots\" content=\"index, follow\" \/>\n<meta name=\"googlebot\" content=\"index, follow, max-snippet:-1, max-image-preview:large, max-video-preview:-1\" \/>\n<meta name=\"bingbot\" content=\"index, follow, max-snippet:-1, max-image-preview:large, max-video-preview:-1\" \/>\n<link rel=\"canonical\" href=\"http:\/\/inlac-org-co.us.stackstaging.com\/web\/foro2020\/\" \/>\n<meta property=\"og:locale\" content=\"es_ES\" \/>\n<meta property=\"og:type\" content=\"article\" \/>\n<meta property=\"og:title\" content=\"Foro 2020 - Inlac Colombia\" \/>\n<meta property=\"og:description\" content=\"[vc_row css=\u00bb.vc_custom_1600208726596{padding-top: 140px !important;}\u00bb][vc_column][vc_single_image image=\u00bb1425&#8243; img_size=\u00bbmedium\u00bb alignment=\u00bbcenter\u00bb][\/vc_column][\/vc_row][vc_row][vc_column][vc_column_text] MODALIDAD VIRTUAL 4, 5 y 6 de\u00a0 Noviembre de 2020 2:00 P.M.\u00a0 A 6 P.M. (Hora Colombiana) &nbsp; &nbsp; ORGANIZA INSTITUTO LATINOAMERICANO DE LA CALIDAD &#8211; INLAC COLOMBIA ORGANISMO DE ENLACE COMIT\u00c9S INTERNACIONALES ISO &nbsp; DIRIGIDO A Empresas, Entidades y Organizaciones de todo tama\u00f1o y sector, que est\u00e9n [&hellip;]\" \/>\n<meta property=\"og:url\" content=\"http:\/\/inlac-org-co.us.stackstaging.com\/web\/foro2020\/\" \/>\n<meta property=\"og:site_name\" content=\"Inlac Colombia\" \/>\n<meta property=\"article:modified_time\" content=\"2020-10-30T14:01:13+00:00\" \/>\n<meta property=\"og:image\" content=\"http:\/\/inlac-org-co.us.stackstaging.com\/web\/wp-content\/uploads\/2020\/09\/PAISES-FORO-2020-1024x103.png\" \/>\n<meta name=\"twitter:card\" content=\"summary_large_image\" \/>\n<script type=\"application\/ld+json\" class=\"yoast-schema-graph\">{\"@context\":\"https:\/\/schema.org\",\"@graph\":[{\"@type\":\"WebSite\",\"@id\":\"https:\/\/www.inlac.org.co\/web\/#website\",\"url\":\"https:\/\/www.inlac.org.co\/web\/\",\"name\":\"Inlac Colombia\",\"description\":\"Expertos en Capacaitaci\\u00f3n de Calidad\",\"potentialAction\":[{\"@type\":\"SearchAction\",\"target\":\"https:\/\/www.inlac.org.co\/web\/?s={search_term_string}\",\"query-input\":\"required name=search_term_string\"}],\"inLanguage\":\"es\"},{\"@type\":\"ImageObject\",\"@id\":\"http:\/\/inlac-org-co.us.stackstaging.com\/web\/foro2020\/#primaryimage\",\"inLanguage\":\"es\",\"url\":\"http:\/\/inlac-org-co.us.stackstaging.com\/web\/wp-content\/uploads\/2020\/09\/PAISES-FORO-2020-1024x103.png\"},{\"@type\":\"WebPage\",\"@id\":\"http:\/\/inlac-org-co.us.stackstaging.com\/web\/foro2020\/#webpage\",\"url\":\"http:\/\/inlac-org-co.us.stackstaging.com\/web\/foro2020\/\",\"name\":\"Foro 2020 - Inlac Colombia\",\"isPartOf\":{\"@id\":\"https:\/\/www.inlac.org.co\/web\/#website\"},\"primaryImageOfPage\":{\"@id\":\"http:\/\/inlac-org-co.us.stackstaging.com\/web\/foro2020\/#primaryimage\"},\"datePublished\":\"2020-09-15T18:32:37+00:00\",\"dateModified\":\"2020-10-30T14:01:13+00:00\",\"inLanguage\":\"es\",\"potentialAction\":[{\"@type\":\"ReadAction\",\"target\":[\"http:\/\/inlac-org-co.us.stackstaging.com\/web\/foro2020\/\"]}]}]}<\/script>\n<!-- \/ Yoast SEO plugin. -->","_links":{"self":[{"href":"https:\/\/www.inlac.org.co\/web\/wp-json\/wp\/v2\/pages\/1436","targetHints":{"allow":["GET"]}}],"collection":[{"href":"https:\/\/www.inlac.org.co\/web\/wp-json\/wp\/v2\/pages"}],"about":[{"href":"https:\/\/www.inlac.org.co\/web\/wp-json\/wp\/v2\/types\/page"}],"author":[{"embeddable":true,"href":"https:\/\/www.inlac.org.co\/web\/wp-json\/wp\/v2\/users\/2"}],"replies":[{"embeddable":true,"href":"https:\/\/www.inlac.org.co\/web\/wp-json\/wp\/v2\/comments?post=1436"}],"version-history":[{"count":37,"href":"https:\/\/www.inlac.org.co\/web\/wp-json\/wp\/v2\/pages\/1436\/revisions"}],"predecessor-version":[{"id":1498,"href":"https:\/\/www.inlac.org.co\/web\/wp-json\/wp\/v2\/pages\/1436\/revisions\/1498"}],"wp:attachment":[{"href":"https:\/\/www.inlac.org.co\/web\/wp-json\/wp\/v2\/media?parent=1436"}],"curies":[{"name":"wp","href":"https:\/\/api.w.org\/{rel}","templated":true}]}}